ase 5) in base 7?
-1131110
Convert -100001100010101000110001 (base 2) to base 10.
-8792625
136513224 (base 7) to base 8
42342451
What is 333210031 (base 5) in base 8?
5443460
What is -101211233032 (base 4) in base 13?
-c55a20
What is 10110011010001110101 (base 2) in base 15?
e78a0
Convert -22121211200001 (base 3) to base 16.
-45ee45
What is a780b (base 12) in base 11?
140833
67e71 (base 15) to base 8
1205607
11054665 (base 7) to base 13
275848
111122011021 (base 3) to base 15
547c7
What is -350656 (base 8) in base 9?
-201470
-4aa2 (base 11) to base 12
-3a1a
-1001000100010111 (base 2) to base 5
-2142033
Convert -472245 (base 8) to base 14.
-42913
What is 1031043204 (base 5) in base 10?
2206054
210221122101 (base 3) to base 2
1101001011110100101
-322310203 (base 5) to base 16
-14e554
-1204152 (base 8) to base 2
-1010000100001101010
What is -1023133333 (base 4) in base 7?
-2425411
Convert -ef9c (base 16) to base 10.
-61340
Convert 4827812 (base 9) to base 16.
27eed0
1200325 (base 7) to base 16
24f85
What is 256987 (base 10) in base 7?
2120143
What is -369881 (base 10) in base 11?
-232996
Convert 1c56ff (base 16) to base 11.
1059446
Convert -182a292 (base 11) to base 12.
-10577b4
-33411 (base 5) to base 10
-2356
What is -a418b8 (base 12) in base 6?
-131101552
Convert 44b86a1 (base 12) to base 13.
2967100
92b7ca (base 13) to base 6
201221043
Convert 1765276 (base 10) to base 3.
10022200111121
Convert -111001101010000110111 (base 2) to base 13.
-511c66
Convert -20635116 (base 9) to base 3.
-200201012010120
Convert 980638 (base 10) to base 4.
3233122132
8035a8 (base 11) to base 6
43414404
What is -12054302 (base 7) in base 3?
-2000111000022
What is 1101011010100011 (base 2) in base 11?
38312
What is -10110101101110001010001 (base 2) in base 14?
-b100b7
What is -b9ab7b (base 12) in base 9?
-5474605
What is 1113421113 (base 5) in base 13?
68c039
Convert 51669 (base 14) to base 13.
6b341
What is 1222425 (base 7) in base 12?
76a06
What is 2c052 (base 14) in base 2?
11010110100001000
Convert -4120213 (base 7) to base 9.
-830284
What is -76654 (base 11) in base 13?
-3b844
What is -14d76b (base 15) in base 11?
-628992
Convert -777237 (base 9) to base 13.
-1335c1
Convert 31791 (base 11) to base 3.
2100101011
-2770752 (base 10) to base 14
-521a6c
What is -231465 (base 10) in base 11?
-1489a3
-4304535 (base 6) to base 8
-634113
200220121211 (base 3) to base 9
626554
Convert -6170631 (base 9) to base 2.
-1100100100001110111000
3231023210 (base 4) to base 10
971492
Convert -189a45 (base 12) to base 8.
-1513225
-25a112 (base 14) to base 13
-3647c8
Convert 328115 (base 11) to base 2.
1111111101111010100
Convert 15106446 (base 7) to base 8.
5352543
Convert 99057 (base 11) to base 16.
231c2
-342370 (base 8) to base 6
-2252504
-5330016 (base 8) to base 15
-1d1201
Convert 11324460 (base 8) to base 5.
1112440034
What is 1356894 (base 10) in base 8?
5132136
-76333 (base 16) to base 11
-300824
-92668 (base 11) to base 14
-373d5
Convert 2dc870 (base 14) to base 10.
1609650
What is -4112244040 (base 5) in base 12?
-2953a0a
What is 521313442 (base 6) in base 5?
4302430200
2400231 (base 5) to base 4
22230220
Convert 148121 (base 14) to base 6.
23144001
What is 31048a (base 12) in base 3?
1110000101021
What is -1110010110110110111 (base 2) in base 6?
-14030011
Convert -100000110100010111110 (base 2) to base 6.
-35014354
23893 (base 12) to base 4
23230233
100979 (base 15) to base 7
6321105
Convert -1002001012202 (base 3) to base 15.
-b45cb
100011100000101010011 (base 2) to base 14
2240a7
Convert -6032 (base 9) to base 14.
-1867
What is -300252 (base 6) in base 16?
-5b88
Convert -340175 (base 11) to base 9.
-1015333
-12247035 (base 8) to base 9
-5075237
What is 26011077 (base 8) in base 12?
1b24227
Convert -100111001010101001010100 (base 2) to base 7.
-153161405
What is 1978241 (base 14) in base 8?
60231021
Convert 612a59 (base 11) to base 3.
1212001000011
23661337 (base 8) to base 12
18aa967
Convert -1656210 (base 10) to base 7.
-20035413
Convert 252411535 (base 6) to base 15.
667648
What is 424422550 (base 6) in base 15?
9d2033
What is 67aa3 (base 15) in base 9?
552330
Convert -265262 (base 8) to base 16.
-16ab2
What is 2563405 (base 8) in base 3?
1100022010000
-45054242 (base 6) to base 7
-14364242
Convert 11242231 (base 5) to base 2.
11001000110100000
What is 670e6 (base 16) in base 3?
210110001000
Convert 763235 (base 9) to base 14.
bbbc6
6421450 (base 7) to base 16
be102
560e6 (base 15) to base 12
1123b3
What is 14be8 (base 15) in base 4?
100110002
Convert -101233133033 (base 4) to base 2.
-10001101111011111001111
What is -28db5 (base 14) in base 2?
-11000110001110011
Convert -13cc9 (base 16) to base 13.
-2abb3
85c79d (base 15) to base 8
30232054
Convert -515a0 (base 11) to base 8.
-222763
-13123101210 (base 4) to base 5
-444243344
1b029a8 (base 12) to base 10
5728016
What is -30617 (base 10) in base 12?
-15875
What is -404574 (base 8) in base 10?
-133500
What is -17395 (base 15) in base 16?
-12539
1121123332 (base 4) to base 13
ca987
What is 237ac3 (base 13) in base 14?
1801a9
What is -2014120 (base 6) in base 7?
-545325
Convert -100001110110100000 (base 2) to base 14.
-38760
-164634 (base 8) to base 16
-e99c
What is 59626 (base 15) in base 7?
2264400
What is -31501d (base 14) in base 15?
-22d7c5
What is -2551540 (base 6) in base 12?
-685b0
12100103 (base 4) to base 6
314335
What is -221122111101002 (base 3) in base 11?
-776a78a
What is -12550522 (base 6) in base 9?
-707435
What is cd654 (base 14) in base 5?
111413124
Convert -1870347 (base 11) to base 5.
-1302202440
-a24985 (base 12) to base 14
-4a0d6d
Convert -1226053 (base 7) to base 3.
-22000221211
What is 176063 (base 11) in base 5?
32142333
What is 2332022122 (base 4) in base 12?
31690a
Convert -1344232 (base 6) to base 13.
-28859
262077 (base 12) to base 6
21224231
145320544 (base 6) to base 15
40647d
-1230133301 (base 4) to base 10
-444401
Convert 29398 (base 14) to base 2.
11000111101101010
What is -3a1b79 (base 15) in base 8?
-12511703
Convert 1112112202111 (base 3) to base 7.
6644101
What is -31501 (base 9) in base 15?
-627d
Convert -1a4331 (base 15) to base 4.
-10320131212
-ac8626 (base 15) to base 6
-452220100
Convert 1103223 (base 6) to base 7.
316560
5223351 (base 6) to base 16
3d933
Convert 122212021101 (base 3) to base 10.
351577
-424322043 (base 5) to base 8
-6654224
Convert -24142603 (base 8) to base 13.
-113451c
Convert -2011121220200 (base 3) to base 2.
-100011001101110011000
2101001201212 (base 3) to base 2
100110011110110110001
240120301 (base 5) to base 14
20830d
What is -1804e (base 16) in base 2?
-11000000001001110
What is 481aa (base 12) in base 14?
27518
What is 10725023 (base 9) in base 4?
103320232230
What is 33111 (base 15) in base 4?
213213001
What is 1a8aa1 (base 15) in base 10?
1295026
What is 1021420 (base 6) in base 5?
3041440
What is -105020400 (base 7) in base 9?
-12860533
What is 1332303020 (base 5) in base 8?
14761301
430004133 (base 5) to base 11
1018477
Convert -4333ca (base 14) to base 9.
-4247410
What is -3340736 (base 13) in base 3?
-1002120010202122
What is -5623145 (base 7) in base 14?
-1413cc
Convert 43031230 (base 7) to base 12.
1283054
Convert 142303421 (base 5) to base 12.
2ba838
Convert 10140364 (base 8) to base 11.
1236808
Convert -116967 (base 11) to base 6.
-3543424
-11414002 (base 5) to base 11
-73746
What is -7055567 (base 8) in base 4?
-13011231313
28a98 (base 12) to base 3
2212222122
What is -206373 (base 13) in base 14?
-159905
What is 13501555 (base 6) in base 11?
294019
Convert 509a7 (base 16) to base 15.
67c51
-161101450 (base 7) to base 16
-a56c01
What is -43324557 (base 8) in base 16?
-8da96f
Convert -1011617 (base 11) to base 12.
-722a71
Convert 3942999 (base 10) to base 7.
45341424
Convert -35a8a3 (base 15) to base 9.
-4742170
Convert -3244313 (base 5) to base 4.
-31232100
3431060 (base 7) to base 4
1220123303
What is 7eba60 (base 15) in base 7?
102353556
-29443 (base 16) to base 15
-35137
Convert 10210111000 (base 3) to base 9.
123430
Convert 11052664 (base 8) to base 15.
320841
What is 41aca (base 15) in base 16?
32dbb
What is -1111010212122 (base 3) in base 9?
-1433778
What is 30441330 (base 5) in base 9?
420332
-20c57 (base 13) to base 6
-1134102